*2 + 7*h + 15. Let a be 0/(-2) + (0 - 2). Calculate the remainder when j(a) is divided by 33.
10
Suppose -2*y - 2*y - 12 = 0. Let d = 2 - y. Suppose -b + d*a = -2 + 26, -b = 4*a - 21. Calculate the remainder when 4 is divided by b.
0
Let t = -495 + 502. Calculate the remainder when (1 - -23)*(-8)/(-12) is divided by t.
2
Suppose -2*f + 4*c = -f + 103, 450 = -4*f - 3*c. Let n = -107 - f. Suppose 2*v - 20 - 12 = 0. What is the remainder when v is divided by n?
0
Suppose -4*i + 187 = 3*w + 194, -3*w = 3*i + 3. What is the remainder when 280 is divided by (-1)/w*-213*1?
67
Let g = 40 + -39. Suppose -p + 3*f = -0 + g, 0 = 3*p + f - 7. Suppose 4 = -2*i + p, 0 = -2*k - i + 45. What is the remainder when k is divided by 6?
5
Let y(k) = -1 + 0*k - 7*k - 2. What is the remainder when y(-6) is divided by -14*((-35)/40)/7*4?
4
Let a be 7054/(-30) - (4 + (-372)/90). Calculate the remainder when 2 - (a + -4 + 2) is divided by 40.
39
Suppose -15*f + 598 = -1352. What is the remainder when f is divided by 41?
7
Let c(g) = 1152*g + 209762. Let m = -36 + 68. What is the remainder when c(-182) is divided by m?
2
Let a(b) = 35*b + 67. Let q(c) = -176*c - 337. Let y(x) = -11*a(x) - 2*q(x). What is the remainder when 213 is divided by y(-3)?
33
Let t(y) = y**3 - 8*y**2 - 6*y - 114. Calculate the remainder when 269 is divided by t(10).
9
Let s = -49 - -172. Let o = s + -62. Calculate the remainder when o is divided by 18.
7
Let y = 629 + -595. Suppose -3*u - 3*c + 200 = 2*c, -204 = -3*u - 3*c. Calculate the remainder when u is divided by y.
2
Suppose -6*p + 17 = 11. Let s(b) = 16*b**2 + 4*b + 1. Calculate the remainder when (-4 - -1)*59/(-3) is divided by s(p).
17
Let t(u) = u**2 + 5*u - 14. Let a be t(3). What is the remainder when a*(2 - -78)/5 is divided by 33?
28
Suppose 96 = -12*f + 176 + 376. Calculate the remainder when 8928 is divided by f.
36
Let b(a) = a + 4. Suppose 17*j + 71 = -201. Let v be b(j). Calculate the remainder when 13 is divided by (-4)/(2*-2*(-3)/v).
1
Let g = 10 - 3. Calculate the remainder when 95*((2 - g) + 6) is divided by 33.
29
Let k(c) = 5*c**3 - 22*c**2 + c + 39. Let s(j) = 4*j**3 - 21*j**2 + 41. Let h(l) = 5*k(l) - 6*s(l). Calculate the remainder when h(-15) is divided by 35.
29
Let o(l) = -l**2 - 7*l + 63. Let i be o(-10). Suppose -x + 5*j = -4*x + 59, 2*x = 3*j + i. Calculate the remainder when 33 is divided by x.
15
Let m(j) = 72*j - 5287. What is the remainder when 1159 is divided by m(74)?
11
Let p = -518 + 522. Suppose 3*c + 21 = p*d - 22, 2*d + 4*c = 16. What is the remainder when 638 is divided by d?
8
Suppose 0 = 37*l - 34*l - 249. Suppose -6*b + 2*b = 0. Suppose 2*v = -b*v + 34. Calculate the remainder when l is divided by v.
15
Let l(f) = -f**2 - 25*f - 57. Let d be l(-22). What is the remainder when (-7 + d - -4)*100/6 is divided by 2?
0
Suppose -14*p + 9136 + 3982 = 0. What is the remainder when p is divided by 101?
28
Let n be -1 - -9*(-1)/(-1). Let b = -795 - -800. Suppose -n*t + 39 = -b*t. Calculate the remainder when 47 is divided by t.
8
Suppose 23*u - 22 = 93. Suppose u*h - 4*o - 47 = 4*h, 2*o - 235 = -5*h. Calculate the remainder when h is divided by 10.
7
Let f(i) = -i**2 - 3*i + 301. Let j be 7 + (-72*1)/(-9). What is the remainder when f(j) is divided by 10?
1
Let a(n) = -3*n + 1981. What is the remainder when a(-138) is divided by 1189?
17
Suppose 38*r + 305 = 2357. Calculate the remainder when 262 is divided by r.
46
Suppose -529*q + 530*q = 24. What is the remainder when 326 is divided by (30/90)/(25/q + -1)?
6
Suppose -11*g - 16 = -15*g. Suppose -160 = -l - 0*q + g*q, -l + q = -154. What is the remainder when l is divided by 26?
22
Suppose 28*u - 8*u = -17*u + 2294. Let l = -8 + -18. Let k = 42 + l. What is the remainder when u is divided by k?
14
Let x = -5458 - -5501. Calculate the remainder when 194 is divided by x.
22
Let r(m) = 2*m**3 - m**2 + 114*m - 530. What is the remainder when r(5) is divided by 52?
5
Suppose 4*c - 86 = n, -13 = 4*c + 5*n - 87. Let f(v) = -v**2 + 20*v + 4. What is the remainder when f(6) is divided by c?
4
Let q = -32778 + 32836. What is the remainder when 3552 is divided by q?
14
Let t = 6 - 2. Suppose -t*q = 43 - 67. Suppose 0*g = -q*g + 600. Calculate the remainder when g is divided by 17.
15
Suppose -30*g + 845 = 3*g - 145. What is the remainder when 1105 is divided by g?
25
Let r be (14/(-4) - -2)*32/48. Calculate the remainder when 87 is divided by (-178)/(-8) + r*8/32.
21
Let l = 87 - 45. Calculate the remainder when (-2)/7 + (82846/322 - 7) is divided by l.
40
Suppose 4*c = -183 + 7. What is the remainder when 2/(-3)*(c + -1) is divided by ((-2)/(-1) + 31)*(-14)/(-42)?
8
Let t be (-24)/(-15)*(-3705)/26. Let m = t - -771. Calculate the remainder when m is divided by 42.
39
Let n(h) = 3*h + 23. Let d be n(17). Suppose d = j + 62. Suppose -j = g - 57. What is the remainder when g is divided by 12?
9
Suppose 0 = 106*k - 88*k - 4770. Suppose 5*s - a = -6*a + k, -5*a - 47 = -s. Calculate the remainder when s is divided by 16.
4
Suppose -2*g + 22 = 3*y - 49, 4*y = -28. Calculate the remainder when 3118 is divided by g.
36
Let m = 94 + -67. Suppose -2*t = h - 34 + 9, -h + t + 10 = 0. What is the remainder when m is divided by h?
12
Let p(v) = 19*v + 61. Let w be p(-5). Let s = 16 - 3. What is the remainder when (-1)/(34/(-1262)) - (-4)/w is divided by s?
11
Let k = -15882 - -16093. What is the remainder when 1894 is divided by k?
206
Suppose 17*g = 21*g + 16. Calculate the remainder when (-334)/g + 12/(-24) is divided by 21.
20
What is the remainder when -9 + 252/27 + (-3 - (-4652)/12) is divided by 121?
22
Let j be (-224)/12*24/16. Let u = j + 37. Calculate the remainder when 43 is divided by u.
7
Let w(h) = -3*h - 6. Let k(u) = 64*u - 8. Let q be k(1). Let f = q - 39. What is the remainder when f is divided by w(-5)?
8
Suppose 63*k = 21*k + 630. What is the remainder when 2482 is divided by k?
7
Let z(w) = 91*w + 3128. Suppose -y + 2*m - 21 = 76, -m = y + 97. Let f = 2 - y. Calculate the remainder when f is divided by z(-34).
31
Let g be 8/6*(-6 - -21). Suppose 0 = x - 6*x - g, 3*x = o - 369. What is the remainder when o is divided by 72?
69
Suppose -2*o - 3*n = 5, 50 = 2*o - n + 43. Let s(v) = 38*v**2 - v - 4. What is the remainder when s(o) is divided by 63?
20
Suppose o = 4*s - s - 6, -2*s + o + 3 = 0. Suppose s*r + 4 - 61 = 0. Suppose 151*l - 160 = 135*l. Calculate the remainder when r is divided by l.
9
Suppose -2*y = -9*y + 5*z + 410, -z = -3*y + 186. Calculate the remainder when y is divided by 10 - 3/((-6)/4).
5
Let t = -2 - -11. Let i = -2369 + 2431. Calculate the remainder when i is divided by t.
8
Calculate the remainder when (-119939)/(-511) + 20/(-28) is divided by 67.
33
Let p(m) = -3*m - 12 + 2 - 4 - 5. Let z be p(-9). Suppose 1018 + 462 = z*r. What is the remainder when r is divided by 31?
30
Let w = -220 + 259. Let z(i) = 4*i**2 + 4*i + 3. Let d(u) = -u**3 + 9*u**2 + 10*u - 2. Let g be d(10). What is the remainder when w is divided by z(g)?
6
Let m(o) = -7*o**3 - 5*o**2 + 10*o + 2. Let f be m(2). Calculate the remainder when 68 is divided by (-14 - -8)/(-24) + f/(-8).
5
Let p(c) = 8*c**2 + 131*c + 755. Calculate the remainder when p(-10) is divided by 159.
86
Suppose -112*z - 56 = -120*z. Let i(g) be the first derivative of g**4/4 - 2*g**3 + g**2 + 17*g + 1. What is the remainder when i(z) is divided by 21?
17
Suppose -18170 = 105*l - 60*l - 639*l + 78058. What is the remainder when l is divided by ((-10)/6)/((-2)/60)?
12
Suppose 0 = 719*f - 718*f + b - 32, 0 = f + 3*b - 36. Calculate the remainder when 2306 is divided by f.
26
Calculate the remainder when 184 is divided by (-30)/5 - (-3990)/57.
56
Suppose -4650 = -59*u + 29*u. What is the remainder when u - (12 - 4) - 1 is divided by 44?
14
Let s(t) = t**3 - 27*t**2 + 28*t - 50. Let z be s(26). What is the remainder when 45 is divided by 5*(4/z + 3)?
20
Let z(g) = g**3 + 42*g**2 + 214*g - 8. What is the remainder when 23 is divided by z(-6)?
3
Let n = 572 - 544. Suppose 0*g - 3 = 3*g. Let l = g + n. Calculate the remainder when l is divided by 10.
7
Let r = -379 - -374. Let f(l) = -75*l - 105. What is the remainder when f(r) is divided by 39?
36
Suppose -3*r = 5*f - f - 17, 0 = 3*r + 3. Let k = -5820 + 58